2 - 6*d**3 + d - 2. Give s(-1).
4
Let i be ((-19)/(-247) + 2/(-26))/4. Let u(f) = f**3 - f**2 - 3*f - 3. Give u(i).
-3
Let p(q) = -139*q + 137*q + 2935 - 2937. Let i(j) = 2*j + 3*j**2 - 2*j**2 + 4*j. Let n be i(-5). Determine p(n).
8
Let w(k) = -2*k + 6. Let c(f) = 10*f - 12. Let m(n) = n + 1. Let a(o) = c(o) - 5*m(o). Let r(h) = 3*a(h) + 8*w(h). Determine r(7).
-10
Let g(f) be the first derivative of -62*f**3/3 - f**2/2 + 1594. Determine g(-1).
-61
Let t = 1187 - 1165. Let m(j) = -j - 10 + 46 - j. Let c be m(t). Let v(r) = -r**3 - 9*r**2 - 7*r + 2. Give v(c).
-6
Let n(t) be the third derivative of -t**5/60 - t**4/2 + 8*t**3/3 - 1321*t**2. What is n(-14)?
-12
Let d(g) = -2*g**3 - 2*g**2 + 1. Let s(u) be the second derivative of -u**4/12 - 5*u**3 + 16*u**2 - 171*u. Let p be s(1). What is d(p)?
-3
Let u(y) = -7*y**2 - y**3 + 11*y**2 - 2 + 13*y**2 - 18*y**2 + 3*y. Give u(2).
-8
Let l(g) be the first derivative of g**4/4 + 4*g**3/3 - g**2 + 4*g + 13. Let p be 5/(-2) - -1 - (-14)/(-28). Let f be 7/(42/9)*p. Calculate l(f).
19
Let r(f) = -53*f + 186. Let d(m) = 158*m - 595. Let w(h) = -4*d(h) - 11*r(h). Determine w(7).
-9
Let o(s) = 5*s**2 + 6 + 142887*s - 142892*s - 30*s**3 + 29*s**3. Suppose 3*j + b - 20 = -2*j, 0 = -5*j - 4*b + 20. Calculate o(j).
2
Let v(k) = -k**3 - 12*k**2 - 4. Suppose -3*w - u = -0*u - 140, 4*u = -2*w + 110. Suppose w*s + 216 = 27*s. Calculate v(s).
-4
Let z(v) = -v**3 - 12*v**2 + 9*v - 50. Suppose 141*i + 50 = 136*i - 3*j, 49 = -3*i + 2*j. Determine z(i).
2
Let z be ((-424)/(-318))/(1 + (-10)/18). Let x(w) = 3*w - 5. Let r(v) = -2*v - 1. Let o(f) = z*r(f) - x(f). Calculate o(-2).
20
Let y(o) = -46 + 0*o**2 - o**3 + 2*o**3 + 54 + 6*o**2 + 6*o. Suppose -5*v = 84*r - 80*r + 5, -2*r + 2 = 4*v. Calculate y(r).
3
Suppose 4*i = 2*i + 2. Let g(c) = -116*c + 37 - 13 + 148*c. Let p(v) = -v - 1. Let f(n) = i*g(n) + 24*p(n). Give f(1).
8
Let w(f) = 20*f**3 + 3*f**2 + 4*f + 3. Let j(m) = 48*m**3 + 7*m**2 + 9*m + 7. Let i(t) = -2*j(t) + 5*w(t). Give i(-1).
-4
Suppose -442*v + 595 = -477*v. Let n(l) = -6*l - 104. What is n(v)?
-2
Let y(u) = -14*u + 453. Let v(k) = -9*k + 287. Let f(h) = -8*v(h) + 5*y(h). Determine f(18).
5
Let i(m) = -6*m - 12. Let c be (-2 - (-15)/6)*(-9 - -9) - 3. Calculate i(c).
6
Let w(n) = n**2 - 5*n + 8. Let p be -22*4/(-8) - 1 - 0. Suppose 0 = -p*l + 13 + 7. Determine w(l).
2
Let x(y) be the first derivative of -y**4/4 + 4*y**3/3 + y**2/2 - 4*y - 5. Suppose -1061*o - 1070*o = -2126*o. Give x(o).
-4
Suppose 43 + 307 = -7*f. Let v be f/8 - (-91)/(-52). Let l(s) = -s**3 - 7*s**2 + 7*s - 9. Calculate l(v).
-1
Let p(v) = -2*v**3 + 7*v**2 - 9*v - 3. Let t(r) = -5*r**3 + 12*r**2 - 15*r - 5. Let f(l) = 5*p(l) - 3*t(l). Determine f(1).
4
Suppose 2*t - 4*q + 20 = 0, 2*q - 22 = 2*t - 3*q. Let b(u) be the third derivative of -u**6/120 - u**5/10 + u**4/24 + 2*u**3/3 + 2*u**2 + 14*u + 14. Give b(t).
-2
Let l(q) = -2*q. Let p(r) = 71*r + 138. Let x(u) = -3125*u - 6075. Let d(h) = 175*p(h) + 4*x(h). Let j be d(-2). What is l(j)?
0
Suppose 3*p = 4*q + q - 9, 5*p = 2*q + 4. Let k = -572 - -597. Let s(y) = 0*y - k*y + 13*y. What is s(p)?
-24
Let f(u) be the first derivative of 2*u**3/3 + 6*u**2 + 5075. Determine f(-11).
110
Let c(g) be the third derivative of -g**5/20 - 23*g**4/24 - 11*g**3/6 + 77*g**2. Determine c(-7).
3
Suppose 0 = 11*s - 12*s + 3, -z + 4*s + 23 = 0. Suppose 2*c - f + 32 = 0, -z*f - 24 = 2*c - 34*f. Let u(t) = t + 18. What is u(c)?
4
Let z be (1*-1)/(3/147). Suppose -g - 4*c + 39 = -26, -5 = -c. Let t = g + z. Let m(v) = -v**2 - 5*v + 1. Give m(t).
5
Suppose 24*j = 90*j. Let w(o) be the third derivative of 1/2*o**3 + 0 - 16*o**2 + j*o - 1/8*o**4. Determine w(7).
-18
Let l = -5360 + 5358. Let i(k) = -43*k + 3. Determine i(l).
89
Suppose -5*q - 105 = -5*y, 3*y = 31*q - 26*q + 89. Let a(k) = 31*k + 408. Calculate a(q).
5
Suppose -2*h + 700 = -7*h. Let v = -75 - h. Let f = 64 - v. Let o(t) = -8*t - 1. Determine o(f).
7
Let h(r) = -r - 5. Suppose -3*f = 3*x - 15, -2*x - 2*f = 2*x - 14. Suppose q + 10 = -2*q + 5*n, 11 = -x*q - n. Let o be ((-1)/2)/(q/50). Determine h(o).
-10
Let i(u) = -6*u**2 - 6*u - 11. Let p(r) = 14*r**2 + 13*r + 24. Let c(o) = 13*i(o) + 6*p(o). Calculate c(-2).
25
Let h(q) = 9*q + 40. Let j(l) = 2*l + 11. Let r(k) = -h(k) + 2*j(k). What is r(8)?
-58
Let m be ((-8)/48)/(17 + -18). Let s(f) be the third derivative of 0 + m*f**3 - 2*f**2 + 0*f + 5/12*f**4. What is s(-1)?
-9
Let z(p) = 3*p**2 - 5*p - 11. Let d(c) = -4*c**2 + 6*c + 10. Let h(q) = 2*d(q) + 3*z(q). Let g = 10778 + -10772. Give h(g).
5
Suppose 0 = q - 4*b - 4, -7 - 5 = -3*q - b. Let p(f) be the second derivative of 6*f - 7/12*f**q + 4*f**2 - 1/20*f**5 + 0 + 1/6*f**3. Give p(-7).
1
Let f(n) be the second derivative of -n**5/60 + 17*n**4/24 - 7*n**3/2 + 25*n**2 + 31*n - 2. Let d(h) be the first derivative of f(h). Calculate d(15).
9
Let w(i) = i**3 - i**2 + i - 8. Let q be w(0). Let s(h) be the first derivative of h**4/4 + 10*h**3/3 + 11*h**2/2 + h - 6538. Calculate s(q).
41
Let t(x) be the first derivative of -x**4/4 - 4*x**3/3 - 2*x**2 - 2*x + 3. Let q be (-64)/40 + (-134)/335. Give t(q).
-2
Suppose 0 = -112*j + 82*j + 60. Let c(s) = -s - 1068*s**2 + s**3 + 2 + 2 - 5 + 1073*s**j. What is c(-5)?
4
Let t(z) = -z**3 - 14*z**2 - z - 12. Suppose 0 = 2*u - 4*s + 40, 4*u - 12*s = -8*s - 68. What is t(u)?
2
Let w(i) = -i**2 - i + 5. Let b(q) = -q**3 + 62*q**2 - 141*q - 2113. Let p be b(59). Determine w(p).
-127
Let i = 5482 - 5484. Let a(y) = 8*y**2 - 4*y - 3. Calculate a(i).
37
Let c(l) = -3*l**3 - 2*l**2 - l. Let n(k) = -16*k**3 - 11*k**2 - k - 1. Let v(i) = 5*c(i) - n(i). Calculate v(-3).
-5
Let j(y) = -2*y**2 + 12*y + 24. Suppose 6*a + 435 = 162*a - 1125. Determine j(a).
-56
Let g(k) = 148*k**2 - 7*k - 6. Let r be g(-1). Let j = r + -154. Let s(h) be the third derivative of h**5/60 + 5*h**4/24 + 5*h**3/6 - 3*h**2. Determine s(j).
5
Let g(t) be the second derivative of 2*t - 7/360*t**6 + 7/6*t**3 + 0 + 0*t**2 - 1/24*t**4 - 1/60*t**5. Let d(l) be the second derivative of g(l). What is d(-1)?
-6
Let y = 131 - 89. Suppose 16 - y = 13*s. Let t(j) = -2*j**3 - 2*j**2 - 3*j - 1. What is t(s)?
13
Let r(b) be the first derivative of -3*b**2/2 + 22*b + 8022. Calculate r(2).
16
Suppose -87 = -3*j + 3*t, -3*t + 99 - 18 = 3*j. Let k(f) = -f**2 + 30*f - 37. Determine k(j).
19
Let m(r) be the third derivative of -r**7/5040 + r**6/720 + 73*r**5/60 - r**2 + 29*r. Let j(l) be the third derivative of m(l). Determine j(-1).
2
Let x(i) be the first derivative of -3*i + i - 45*i**3 - 36*i**3 + 297 + 0*i**2 + i**2 + 82*i**3. Determine x(-4).
38
Let m(u) = u**3 + 8*u**2 - 23*u + 8. Let v be m(-10). Let f(g) = 30*g + 2 + v*g - 69*g. Calculate f(3).
-1
Let m(k) = 3*k + 37. Suppose 15*s - g = 19*s + 40, -5*s = -2*g + 63. What is m(s)?
4
Let q(j) = 27*j - 152. Let w(l) = -6*l + 50. Let g(f) = 2*q(f) + 7*w(f). Calculate g(-6).
-26
Let b(v) = -2 + 16 - 4 - 2*v**3 - 2*v**3 - 9 - v**2. Suppose 3*w + w = -4. What is b(w)?
4
Let s(d) = -d**3 - 8*d**2 + 2*d - 4. Let m be (-4)/18 + (-152)/(-36). Suppose -m*t = 16 + 16. Determine s(t).
-20
Let j(l) = -19*l + 2. Let h(y) = 9*y - 1. Let q(p) = -9*h(p) - 4*j(p). Let d = -41 + 53. Suppose 4*t = -0*t + d. Give q(t).
-14
Let u(r) = 12 + 4*r + 4*r - 49 + 6 + 6*r**2 - 5*r**2. Calculate u(-11).
2
Let t(u) = 10*u - 97. Let o be t(10). Let w(b) = -b - 3. Let p(n) = -n. Let g(v) = o*p(v) - w(v). Suppose -2*y + 0*y = 5*q, 0 = 2*q - 3*y - 19. What is g(q)?
-1
Let y(v) = 24. Let n(f) = 2*f - 81. Let s(l) = n(l) + 3*y(l). Let m = 0 + 3. Suppose m*p - 2*o - 10 = 0, 2*p - 2*o = 3*p - 14. Determine s(p).
3
Let w(u) = u**2 + 6*u - 16. Let q(k) = 37*k + 285. Let x be q(-7). Suppose 0 = -x*p - 16*p - 378. Calculate w(p).
11
Let d = 42 - 172. Let p = 136 + d. Let x(o) = 3*o - 6. Calculate x(p).
12
Let q = 1270 + -1258. Let x(v) = 11*v - 66. Calculate x(q).
66
Let y(f) be the third derivative of -f**5/30 + 2*f**3/3 - 12*f**2. Suppose 134*j - 288 - 40 = 52*j. Calculate y(j).
-28
Let p be (-20)/14*161/(-46). Let s(u) = 3*u**3 - p*u - 13 - 2*u**3 - 3 + 6*u**2 + 8. Calculate s(-7).
-22
Let z(u) be the first derivative of 5*u**4/4 - 35*u**3/3 - u**2 + 14*u + 1333. What is z(7)?
0
Let z(b) = 5*b. Let m(n) = n**3 + 6*n**2 - 9*n - 11. Let a be m(-7). What is z